**3. Let o(u) = 5*u. Let c be o(-1). Give j(c).
-1
Let i = 569 - 569. Let n be 5/(-1)*(12 + i)/12. Let b(w) = -2*w - 2. Calculate b(n).
8
Suppose 4*n = k + 2*k - 5, -2*n - 10 = 0. Let y(s) = -6 - 685*s + 106*s + 583*s - s**3 - 4*s**2. What is y(k)?
-1
Let l(g) = 2*g**2 - 2*g + 1. Let i(p) = 8*p**2 - 21*p + 12. Let d(s) = -i(s) + 2*l(s). Calculate d(5).
-25
Suppose -17*p + 20 + 57 = 9. Let y(r) be the third derivative of 5/24*r**p - 1/30*r**5 + 0*r + 0 - 25*r**2 + r**3. Give y(5).
-19
Let l(v) = v**3 + 5*v**2 + 2*v - 3. Let i = 1925 - 1929. Give l(i).
5
Let g(j) = -23*j**3 + j**2 + j. Let a(d) = -d**3 - 26*d**2 + 58*d + 55. Let l be a(-28). Give g(l).
23
Let h(k) = k - 3. Let b = -25 + 151. Suppose 0 = 3*q + l - 18 - b, q - l = 48. Suppose 6*d + 2*d = q. What is h(d)?
3
Let l = 27389 + -27386. Let u(d) = 13*d - 40. Determine u(l).
-1
Let f(m) = -m - 5. Let h be f(-7). Let o(w) = -h + 0*w + 4*w + 2*w. Let d be 40 + -43 + 1/((-2)/(-10)). Determine o(d).
10
Let z = -10769 - -10766. Let y(v) = v**3 - 3*v**2 - 4. Calculate y(z).
-58
Suppose 2*g - 3*h = 5 - 23, 3*h - 36 = 4*g. Let b(o) = -6 - 8808*o + 17534*o - 16 - 8727*o. Determine b(g).
-13
Suppose -21*t - 10 = -22*t + 2*h, h - 2 = 4*t. Let y(f) = 2*f**2 + f + 1. Give y(t).
7
Let y(a) = 2*a**2 + 1 - 6*a**2 + 2*a**2 + 2*a. Let m = -108 + 155. Let i = 46 - m. Calculate y(i).
-3
Suppose -14 = -19*u + 12*u. Let l(i) = -4*i - 20*i - 10*i**2 - i**3 + u*i**3 - 2 + 13*i. Give l(11).
-2
Let f(b) = -2*b**2 - 4*b - 2. Let u(m) = 25*m**2 + 2*m + 1. Let r be u(3). Let g = r + -235. Give f(g).
-8
Let g(t) = 3*t. Let d be g(-1). Let l(h) be the first derivative of h**4/24 - h**3/6 - 67*h**2 + 155. Let m(z) be the second derivative of l(z). Calculate m(d).
-4
Let k = 5303 - 5335. Let r(b) = -b - 28. Give r(k).
4
Let f(d) = 16*d + 19 + 8 + 276*d**2 + 10*d + 280*d**2 - 561*d**2. Calculate f(6).
3
Let o(n) = -16*n + 125. Let m(t) = 5*t - 36. Let r(j) = -7*m(j) - 2*o(j). Calculate r(9).
-25
Let z(o) = -4*o + 2. Let w(h) = -h + 1. Suppose 5*b - 3*p = 36, 0 = b - 3*p - 12. Let y = -2 - 0. Let s(n) = b*w(n) + y*z(n). What is s(4)?
10
Suppose 54 = 6*v + 24. Let o(t) = t**3 + 193*t + 1 + 1 - 193*t + v*t**2. What is o(-5)?
2
Suppose -2*y + 4*y - 5*c = 24, c = -y + 5. Suppose -y*g = 21 - 7. Let s(t) = -2*t + 1. Give s(g).
5
Let s(f) = -6*f**3 + 2*f**2 + 5*f + 4. Suppose 5*n + 17 = 3*k, 3*k = -0*k - 5*n - 23. Give s(k).
7
Let s(u) = -u**3 + 2*u**2 - 1. Suppose -161 = -2*v + 49. Let t = -103 + v. Suppose 2*n + 3*h - 3 = 0, 0*n - t*n = -4*h - 10. Give s(n).
-10
Let v(g) = g**3 + 7*g**2 + 5*g - 4. Let c be v(-6). Let i(j) = c*j - 3*j**2 + j**3 + 2*j - 13*j + 4*j + 4. Let t(r) = r + 19. Let o be t(-15). What is i(o)?
0
Let g(n) = -n**2 + 4*n + 6. Let a(v) = -v**2 + 25*v - 62. Let h be a(20). Let d = 44 - h. Determine g(d).
-6
Let p be 0 - ((-8)/2 + 2). Let u(l) = -2*l**2 + 7987*l**3 - 2673*l**3 - 2656*l**3 - 2*l - 2657*l**3 + 3. What is u(p)?
-1
Let p(h) = 2*h - 1. Let f(i) be the third derivative of -i**4/12 + 16*i**3/3 - 40*i**2. Let z be f(15). Calculate p(z).
3
Let c(g) = 4*g - 1. Let a(b) = -b + 1. Let h(w) = 3*a(w) + c(w). Suppose -2*m + 26 = 254*d - 257*d, -3*d - 22 = 2*m. Give h(d).
-6
Let y = -773 + 26. Let k be y/(-12) + (-3)/12. Let c = k - 62. Let s(z) = z**3 + z**2 + 10. What is s(c)?
10
Let y(l) = 12*l**2 - 7*l + 6*l**2 + 933 - 22*l**2 - 931 + l**3. Suppose 5 = -2*m + 15. What is y(m)?
-8
Let k(c) = -3*c**2 + 6*c - 2. Let r(y) = -y**2 - 13*y + 2. Let s(l) = 6*l - 1. Let d(f) = 2*r(f) + 5*s(f). Let n(g) = 5*d(g) - 3*k(g). Give n(2).
1
Let a(i) be the first derivative of i**3/3 - 21*i**2/2 - 354*i - 7583. Give a(32).
-2
Suppose -410*h + 527 = -399*h - 111. Suppose -330 = 5*i - w, -w = -5*i + 2*w - 330. Let c = h + i. Let l(z) = z**2 + 6*z - 6. Determine l(c).
10
Let c(z) = z**2 - 4*z + 2*z + 1 + z - z**3. Suppose 13*s + 111 = 15*s - k, -2*k = -5*s + 276. Suppose 2*m = -p - 1, 0 = 3*m + 3*p - 48 + s. Determine c(m).
0
Let z(m) be the first derivative of 43*m**2/2 - 437*m - 4963. Calculate z(10).
-7
Let z(t) = -t**3 - 5*t**2 - 4. Let c(w) = w**3 + 11*w**2 + 7*w - 35. Suppose 9*x - 2*x + 70 = 0. Let i be c(x). What is z(i)?
-4
Let v(c) be the third derivative of c**5/60 - c**4/24 - c**3/2 - c**2. Let o = 782 - 778. Suppose f - 2*y = -8, 5*f = o*y + y - 20. Determine v(f).
-3
Let n(q) be the first derivative of -2*q**2 + 90*q + 3938. Determine n(18).
18
Let n be (-30)/40 - (-1 - (-46)/(-8)). Let b(i) = -n*i**2 + 18*i**2 - 8 - 1 - i**3 - 10*i**2 - 12*i**2. What is b(-10)?
-9
Suppose -78 - 4 = 2*c. Suppose 0 = 39*g - 31*g + 336. Let a = g - c. Let n(x) = -2*x + 1. What is n(a)?
3
Let t(m) be the first derivative of m**4/4 - 5*m**3/3 + m**2 + 4*m - 243. Let u(x) = x**3 + 7*x**2 - 8*x + 3. Let f be u(-8). Give t(f).
-8
Let x(d) = -d**2 - 14*d - 4. Let s(p) = 16*p + 150. Let i be s(25). Let j = i - 560. What is x(j)?
36
Let t be (-10)/4*(10 - 0). Let q = 19 + t. Let x(s) be the second derivative of -s**3/2 - s**2 + 145*s. What is x(q)?
16
Let a = -146 - -154. Suppose -1 = -a*p - 17. Let n(f) = f + 2. What is n(p)?
0
Let j(w) = -2*w**3 + 18*w**2 + 19*w + 7. Let q be -6*39/(-24) + 8/32. Calculate j(q).
-3
Let k(o) = 3*o**2 + 3*o + 3. Let d be 3/(-15) - 556/20. Let u = 33 + d. Suppose u*v - 6 = -4*j + 7*j, 4*j + 8 = -5*v. Calculate k(j).
9
Let u(i) = -i + 11. Suppose -34*j - 383 + 77 = 0. Determine u(j).
20
Let q(l) = -l**3 + 14*l**2 + 13*l + 20. Suppose -12*k - 192 = -18*k. Suppose k*d = 37*d - 75. What is q(d)?
-10
Let b = -131 - -129. Let q(w) = -4 + 4 + 2*w + w**2 + 4 - 5. What is q(b)?
-1
Let w = 235 + -375. Let r = w + 144. Let d(f) = f**2 - 8*f - 4. Let p(i) = -i**2 + 9*i + 5. Let y(m) = -6*d(m) - 5*p(m). Give y(r).
-5
Let r(c) = c**2 - 4*c - 9. Suppose -10*x = -9*x - 3. Suppose 0 = 5*l - 2*f, -6*f + 3*f = x*l. Let k(a) = -a**2 + 7. Let j be k(l). Give r(j).
12
Let h(l) be the third derivative of l**3 + 1/4*l**4 - 141*l**2 + 1/120*l**6 + 0 + 2*l + 1/10*l**5. What is h(-5)?
1
Let w(r) = -31*r - 272*r**2 + 22 + 563*r**2 - 276*r**2. Let v(z) = 7*z**2 - 14*z + 11. Let y(t) = -13*v(t) + 6*w(t). Calculate y(-5).
-16
Let k(f) = f**3 + 34*f**2 - 35*f - 3. Suppose 2610 = -59*j + 545. Calculate k(j).
-3
Let k(a) be the third derivative of -a**6/120 - a**5/60 - a**4/24 - 6856*a**2. Let h be (-2)/(-8) - (-45)/(-20). Calculate k(h).
6
Suppose 0 = -k - 2*t + 171, 0 = 18*k - 23*k + t + 844. Let l(d) = k*d - 9*d**2 - 3 - 180*d + 8*d**2. Determine l(-10).
7
Suppose 0 = 10*b + 5*w - 120, -16 = 4*b - 8*b + 2*w. Let a(r) = -3*r**2 + 30*r - 12. Give a(b).
36
Let q(a) = 4 - 1829*a + 1829*a + a**3 + 3*a**2. Let y be q(-3). Suppose 0*t = -h - t - 4, -3*h = y*t + 10. Let m(v) = -v**2 - 9*v - 7. Determine m(h).
11
Suppose 0 = 2*i + i - 48. Suppose -2*k + 4*j = -i, 4*k - 12 = 2*k + 3*j. Let u(x) = -19*x - 183. Let v(n) = -5*n - 45. Let p(g) = -u(g) + 4*v(g). Give p(k).
3
Let u(t) = t**3 + 20*t**2 - 48*t + 33. Let y be u(-22). Let d(f) = 8*f - 7*f - y + 99. What is d(0)?
-22
Let p(m) = m + 13. Suppose -3*i + 233 + 22 = -5*t, -5*t + 4*i = 260. Let n be (-6 - t/8) + -6. Determine p(n).
7
Suppose 704*p - 707*p - 33 = 0. Let y(m) = -17*m + 0*m**2 + 12 + 40*m - 5*m**2 - m**3 - 4*m**2. Determine y(p).
1
Suppose 11*c - 2581 - 1368 = 0. Let w = c + -361. Let a(j) = -j**2 + 2 + 4*j + 8*j**2 - 3*j**2. Determine a(w).
10
Let v(i) = -i**3 + 3*i**2 + 21*i - 47. Let a be v(5). Let k(f) = 0 + 0*f - 4 + f. Calculate k(a).
4
Let p(x) = 20*x**3 + 21937*x**2 + 2*x + 21943*x**2 - 43881*x**2. Give p(1).
21
Let a = 58 + -33. Let u = -29 + a. Let w(h) = -4*h**3 - 2*h**2 + 5*h - 2. Let k(s) = 3*s**3 + 3*s**2 - 5*s + 2. Let b(r) = u*w(r) - 5*k(r). Determine b(6).
-8
Suppose -2*m + 6*m - 100 = 0. Let x(i) = 18 - m + 0 + i. Determine x(6).
-1
Let r(m) = -5*m**2 - m - 1. Let u = 1 + 6. Let s be -15*1*(-156)/234. Suppose 17*p + u = s*p. What is r(p)?
-5
Let f(d) = -362*d + 1078. Let o be f(3). Let k(q) = q**3 + 9*q**2 + 8*q + 9. What is k(o)?
9
Let b(a) = 3*a + 2. Suppose -5*t = 2*q - 11, 4*q - 2*t + 38 = 24. What is b(q)?
-4
Let x(j) = 8*j - 105. Suppose 0 = -2*l - 6, -14*i + l = -15*i + 12. Determine x(i).
15
Suppose -2*c - 1 = -7. Let r(p) = 0 + 211*p + 4 - 210*p + c. Determine r(-7).
0
Let u(b) = b**3 - 6. Suppose 77 = 35*i - 31 - 32. Determine u(i).
58
Let h(y) = -y +